{"id":244,"date":"2017-06-02T08:42:10","date_gmt":"2017-06-02T08:42:10","guid":{"rendered":"http:\/\/begegnung-energie.com\/begegnung\/?page_id=244"},"modified":"2025-04-01T04:46:28","modified_gmt":"2025-04-01T04:46:28","slug":"preise","status":"publish","type":"page","link":"https:\/\/begegnung-energie.com\/begegnung\/preise","title":{"rendered":"Infos"},"content":{"rendered":"<p><!--:de--><\/p>\n<p class=\"fliesstext\">Die Ortstaxe in Serfaus-Fiss-Ladis betr\u00e4gt f\u00fcr das Jahr 2025, \u20ac 3,70.- pro Person und Nacht.<br \/>\nBei Buchungen f\u00fcr das Jahr 2025 sind alle Personen bis inklusive Jahrgang 2009 ortstaxenpflichtig.<\/p>\n<p class=\"fliesstext\"><span lang=\"de\">Check in: 15.00 Uhr<\/span><\/p>\n<p>Check out: 09.30 Uhr<\/p>\n<p class=\"fliesstext\"><span lang=\"de\">Wir weisen darauf hin, dass im Falle einer versp\u00e4teten Ankunft oder vorzeitiger Abreise der gesamte Rechnungsbetrag bezahlt werden muss.<\/span><\/p>\n<p class=\"fliesstext\"><span lang=\"en\">\u00a0<\/span><\/p>\n<h5>Buchungsinformationen<\/h5>\n<div class=\"textwrap\">\n<div>\n<p>Preise sind in Euro inklusive Umsatzsteuer, exklusive Ortstaxe und Endreinigung. Preis\u00e4nderungen, \u00c4nderung der Saisonzeiten und Tippfehler vorbehalten!<\/p>\n<\/div>\n<div><\/div>\n<div>\n<p>Es gelten die Allgemeinen Gesch\u00e4ftsbedingungen f\u00fcr die Hotellerie (AGBH 2006). Insbesondere ist der R\u00fccktritt vom Beherbergungsvertrag wie folgt geregelt: Bis sp\u00e4testens 3 Monate vor dem vereinbarten Ankunftstag des Gastes kann der Beherbergungsvertrag ohne Entrichtung einer Stornogeb\u00fchr durch einseitige Erkl\u00e4rung durch den Vertragspartner aufgel\u00f6st werden.<\/p>\n<p><b>Au\u00dferhalb dieses Zeitraums fallen folgende Stornogeb\u00fchren an:<\/b><\/p>\n<\/div>\n<div>\u2022 bis 1 Monat vor dem Ankunftstag 40 % vom gesamten Arrangementpreis;<\/div>\n<div>\u2022 bis 1 Woche vor dem Ankunftstag 70 % vom gesamten Arrangementpreis;<\/div>\n<div>\u2022 in der letzten Woche vor dem Ankunftstag 90 % vom gesamten Arrangementpreis.<\/div>\n<div><\/div>\n<div><b>\u00d6HV &#8211; Vertragsbedingungen<\/b><\/div>\n<div>\n<p>Sofern nichts anderes vereinbart wurde, gelten die Stornobedingungen der Allgemeinen Gesch\u00e4ftsbedingungen f\u00fcr die Hotellerie (\u00d6HV-Vertragsbedingungen)<\/p>\n<\/div>\n<div>\n<p><a class=\"external-link-new-window\" title=\"Opens external link in new window\" href=\"http:\/\/apart-rubin.at\/fileadmin\/user_upload\/pdf\/OEHV-AGBH2006.pdf\" target=\"_blank\" rel=\"noopener noreferrer\">Informationen zu den \u00d6HV-AGBH als PDF downloaden<\/a><\/p>\n<\/div>\n<div>Mehr Informationen zu den Stornobedingungen der \u00d6HV erhalten Sie <a class=\"external-link-new-window\" title=\"Opens external link in new window\" href=\"http:\/\/www.oehv.at\/?seIDM=B80R2O53-KPMX-XR4P-AKNH-G610N6D5VYPJ\" target=\"_blank\" rel=\"noopener noreferrer\">hier<\/a><\/div>\n<\/div>\n<p><!--:--><!--:en--><\/p>\n<div class=\"row\">\n<div class=\"col-xs-12 wysiwyg-block\">\n<p>The local tax for the year 2025 in Serfaus-Fiss-Ladis is \u20ac 3,70 per person per night.\u00a0 All guests born in 2009 or earlier have to pay the local tax.<\/p>\n<p>check in: 15.00<\/p>\n<p>check out: 09.30<\/p>\n<p><span lang=\"en\">Please note that in the case of late arrival or early departure, the entire invoice amount must be paid.<\/span><\/p>\n<\/div>\n<\/div>\n<p>Prices are in Euro including VAT, excluding visitor&#8217;s tax and final cleaning. Subject to price and season changes and typing errors!<\/p>\n<h4>Bookinginformations<\/h4>\n<p>The <a href=\"http:\/\/apart-rubin.at\/fileadmin\/user_upload\/pdf\/OEHV-AGBH2006.pdf\" target=\"_blank\" rel=\"noopener noreferrer\">Terms &amp; Conditons of the Austrian Hotel Industry (AGBH 2006)<\/a> apply. In particular, the cancellation conditions are regulated by the Accommodation Agreement as follows:<\/p>\n<p>Not later than 3 months before the agreed date of arrival the accommodation contract can be terminated by the other party without payment of a cancellation fee by a unilateral declaration.<\/p>\n<p>Outside this period the following cancellation fees apply:<\/p>\n<p>\u203a until 1 month before arrival day: 40% of the booked arrangement<br \/>\n\u203a until 1 week before arrival day: 70% of the booked arrangement<br \/>\n\u203a within the last week before arrival day: 90% of the booked arrangement<\/p>\n<p>We recommend taking out trip cancellation insurance.<\/p>\n<p><!--:--><\/p>\n","protected":false},"excerpt":{"rendered":"<p>Die Ortstaxe in Serfaus-Fiss-Ladis betr\u00e4gt f\u00fcr das Jahr 2025, \u20ac 3,70.- pro Person und Nacht. Bei Buchungen f\u00fcr das Jahr 2025 sind alle Personen bis inklusive Jahrgang 2009 ortstaxenpflichtig. Check in: 15.00 Uhr Check out: 09.30 Uhr Wir weisen darauf hin, dass im Falle einer versp\u00e4teten Ankunft oder vorzeitiger Abreise der gesamte Rechnungsbetrag bezahlt werden<\/p>\n<p><a class=\"more-link\" href=\"https:\/\/begegnung-energie.com\/begegnung\/preise\">Read more <span class=\"more-sep\">[+]<\/span><\/a><\/p>\n","protected":false},"author":1,"featured_media":0,"parent":0,"menu_order":0,"comment_status":"closed","ping_status":"closed","template":"","meta":{"footnotes":""},"class_list":["post-244","page","type-page","status-publish","hentry"],"_links":{"self":[{"href":"https:\/\/begegnung-energie.com\/begegnung\/wp-json\/wp\/v2\/pages\/244","targetHints":{"allow":["GET"]}}],"collection":[{"href":"https:\/\/begegnung-energie.com\/begegnung\/wp-json\/wp\/v2\/pages"}],"about":[{"href":"https:\/\/begegnung-energie.com\/begegnung\/wp-json\/wp\/v2\/types\/page"}],"author":[{"embeddable":true,"href":"https:\/\/begegnung-energie.com\/begegnung\/wp-json\/wp\/v2\/users\/1"}],"replies":[{"embeddable":true,"href":"https:\/\/begegnung-energie.com\/begegnung\/wp-json\/wp\/v2\/comments?post=244"}],"version-history":[{"count":29,"href":"https:\/\/begegnung-energie.com\/begegnung\/wp-json\/wp\/v2\/pages\/244\/revisions"}],"predecessor-version":[{"id":321,"href":"https:\/\/begegnung-energie.com\/begegnung\/wp-json\/wp\/v2\/pages\/244\/revisions\/321"}],"wp:attachment":[{"href":"https:\/\/begegnung-energie.com\/begegnung\/wp-json\/wp\/v2\/media?parent=244"}],"curies":[{"name":"wp","href":"https:\/\/api.w.org\/{rel}","templated":true}]}}